p = 4*d, 2*p - 12 = d - 5*d. Let k(m) = 8*m**2 - 4*m - 1. What is the hundreds digit of k(d)?
1
Let c = 23493 + -19980. What is the units digit of c?
3
What is the tens digit of -14908*11/22*(-6)/3?
0
What is the hundreds digit of (-1143)/(-27)*-2*-156?
2
What is the hundreds digit of 8/(-18)*2524374/(-236)?
7
Suppose -32*c = -5*i - 33*c + 190993, -38192 = -i + 2*c. What is the thousands digit of i?
8
Suppose 3*i + 7624 = 4*c, -223*i + 218*i = -20. What is the hundreds digit of c?
9
Let c = 33 - -4933. What is the thousands digit of c?
4
Suppose -77481 = -0*t + 14*t - 867347. What is the tens digit of t?
1
Let r(l) = 35*l**2 + 25*l - 16. Let w be ((-48)/20)/((-4)/(-10)). What is the tens digit of r(w)?
9
Suppose -6*w - 4*w = -16610. Suppose -17*y + w = -6*y. What is the hundreds digit of y?
1
Let r = -1108 + 684. Let j = r - -587. What is the hundreds digit of j?
1
Let w = 4037 + -4093. Let m be 403/3 + (-4)/(-6). Let i = m + w. What is the units digit of i?
9
Suppose 0 = -33*u - 1548 + 221988. What is the units digit of u?
0
What is the hundreds digit of 71556/15 - 3 - (-153)/255?
7
Suppose -4515 = -d - 6*n, 0 = 8*d - 12*d + n + 17985. What is the units digit of d?
7
Let f(m) = -m**3 + 17*m**2 - 9*m + 429. What is the units digit of f(16)?
1
Suppose -12*n = -10*n - 12. Suppose -5*k + n = 3*g - 13, -2*g + 14 = 4*k. Suppose -2*p + 504 = -0*p - k*f, 12 = 3*f. What is the units digit of p?
6
Let d = 38 + -38. Suppose d = -6*v + 39 + 27. Suppose -c + 31 = 5*j, -c + j + v + 8 = 0. What is the tens digit of c?
2
Suppose 3*d + 4*m + 0*m - 544 = 0, -4*d - 5*m = -725. Suppose 3*t - 8 = t. Suppose 3*s + 0*r - 2*r - 134 = 0, t*s - d = 2*r. What is the tens digit of s?
4
Suppose u = -5*m + 1861 + 4429, 5*u - 31430 = -5*m. What is the tens digit of u?
8
Let t = -35194 - -61985. What is the ten thousands digit of t?
2
Suppose 57*s - 143757 - 116448 = 0. What is the tens digit of s?
6
Let p(o) = 7*o**3 - 4*o**2 + 24*o + 24. What is the units digit of p(13)?
9
Let i = -6548 + 12761. Suppose i = 29*t - 10*t. What is the tens digit of t?
2
Suppose -3*y - 104 = 4*l, 2*y - 7*y + 2*l = 182. Let g be (-3)/(-2)*-3*(-16)/y. What is the units digit of (77 - (1 + 1)) + -1 + g?
2
Suppose 0 = -3*m - 340 + 22. Let h = 111 + m. Suppose 3*c + 3*g - 36 = 0, -5*g = -h*c - 4*g + 66. What is the units digit of c?
3
Let y be (-5 + -1)*(-15)/(-9)*-1. Let o(a) = 29*a - 31. What is the units digit of o(y)?
9
Let g(b) = -6*b**2 + 17*b - 1. Let j be g(-4). Let a = j - -378. What is the units digit of a?
3
Let w = -185 + 947. What is the units digit of w?
2
Suppose 4*s = -6*s + 2820. Let n = -82 + s. What is the units digit of n?
0
Suppose 3*l = -l + 600. Suppose -4*m + l = -2*q, -86 = 5*m + q - 256. What is the units digit of m/5*(3 + 6)?
3
Let y(k) = k + 18*k - 17 - 15*k + 28*k. Let d be -5*(-3)/9*3. What is the hundreds digit of y(d)?
1
Suppose l - 2*l - d + 221 = 0, 0 = 3*l - 4*d - 698. Let h = 482 + l. What is the tens digit of h?
0
Suppose 87*t - 77*t = 25190. Suppose -3931 = -10*i + t. What is the tens digit of i?
4
Suppose -26*x - 64568 + 185308 = -195836. What is the thousands digit of x?
2
Suppose -4*t - 4 = -4*q - 0*t, 11 = q + 4*t. Let j(h) = -16*h + 78. Let u be j(-11). Suppose 20 = -q*a + u. What is the units digit of a?
8
Let n be (4*(-1)/3)/((-2)/21). Let s be (-23)/7 + 1 + 4/n. What is the tens digit of -57*(3 - (2 - s))?
5
Suppose 163 = 4*y + 3*j + 2*j, y = -2*j + 40. Let u(a) = a**3 + 8*a**2 + 2*a + 10. Let f be u(-8). What is the units digit of 326*(f/51 + y/68)?
3
Suppose -838566 = -21*d - 3*f, -6*f + 2*f - 39911 = -d. What is the tens digit of d?
3
Let d(h) = h - 3. Suppose -1 - 1 = -2*a - 4*y, 4*a = -y + 18. Let f be d(a). Suppose r - 2*r = -f*m - 198, 5*m = -r + 233. What is the hundreds digit of r?
2
Let t = 10323 + -4230. What is the thousands digit of t?
6
Suppose -697*r + 669*r + 1241688 = 0. What is the ten thousands digit of r?
4
Suppose -2*o - 2*q + 58 + 28 = 0, -5*o = 4*q - 214. Let m be (7/(-2))/(7/o). What is the units digit of m*(-4 - 3/(-1))?
1
Let w(l) = 34*l - 85. Let j be (-4)/4 + 20/2. What is the tens digit of w(j)?
2
Let i = 15759 + -2734. What is the thousands digit of i?
3
Let n = -18173 + 38932. What is the hundreds digit of n?
7
Let f be (-2)/(-1 + (-39)/(-9) + -3). Let z be (26 + -22)*(f/8 - 0). Let p(w) = -38*w - 14. What is the tens digit of p(z)?
0
Suppose -47*d + 1108694 + 741884 = 0. What is the thousands digit of d?
9
Suppose -3*j = 2*q - 11347, 0 = -6*j + 4*j + 2. What is the units digit of q?
2
What is the units digit of -9 + (4 - (-2 - (2 - 3))) + 10245?
1
Let q = 543 + -468. What is the units digit of (-7310)/(-6) + -5*5/q?
8
Let o(s) = -5*s + 93. Let h be o(27). Let l(b) = -5*b + 178. What is the units digit of l(h)?
8
Let a be (-274 - -1) + -2 + 1. Let z = -2224 + 2070. Let q = z - a. What is the tens digit of q?
2
Suppose 0 = -8*l - 32, q + 0*l - 4*l - 43409 = 0. What is the tens digit of q?
9
Let g be ((-6)/(-2))/(3/8). Suppose -g = -2*k + 3*q, -4*k - 3*q + 5*q + 16 = 0. Suppose -3*c = o - 2*c - 71, -2*o + k*c = -136. What is the units digit of o?
0
Let n be (-1)/2*0/23. Suppose n*i = -i + 234. What is the hundreds digit of i?
2
Let p be (15/(-10) - 0)/(6/(-8)). Let r = p - -7. Suppose 0 = 3*o + r*o - 1740. What is the hundreds digit of o?
1
Let j be 1/(-5) - 18/10. Let o be (0 + j)/(1/(-2)). Suppose 0 = -8*i + o*i + 108. What is the tens digit of i?
2
Let o(a) be the first derivative of -a**2/2 + 10*a - 15. Let v be o(8). Suppose v*k = -k + 63. What is the units digit of k?
1
Let x = 17994 + -11691. What is the thousands digit of x?
6
Let x = 2348 - 6138. Let k = -2314 - x. Suppose 5*v = -4*v + k. What is the tens digit of v?
6
Let a be (5301/(-4))/(40/(-29280)). What is the units digit of a/741 - (-4)/(-26)?
9
Suppose 0 = -4*v - m - 752, -4*v + 3*m = 6*m + 760. Let j = 212 + v. What is the tens digit of j?
2
Let p be (-24)/32 + (-2 - 27/(-4)). Suppose 0 = -a + s + 49, -3*a = -a - p*s - 90. Suppose -54*c + 55*c - a = 0. What is the units digit of c?
3
What is the thousands digit of 84534/3 + -1*(22 + -20)?
8
Let u = 16849 - 15278. What is the thousands digit of u?
1
Suppose 74*s - 239382 = -25*s. What is the tens digit of s?
1
Suppose -16*y + 4235 = 13451. Let p = -403 - y. What is the units digit of p?
3
Suppose 81*p - 13496 = 95*p. Let z = p - -1544. What is the hundreds digit of z?
5
Suppose 5*v - 4*h + 523 - 4279 = 0, 2984 = 4*v + 2*h. Let p = 1133 - v. What is the tens digit of p?
8
Let g = -305 - -309. What is the units digit of 4264/156*(70/g + -1)?
1
Let r(f) = -2*f**2 - 30*f - 35. Let i be r(-12). Suppose 15180 = i*h - 4*h. What is the hundreds digit of h?
4
Let m be (0 + -2 + 2)/(9/(-9)). Let l(o) = -11*o + 294. What is the units digit of l(m)?
4
Let d = -460 + 219. Let n = -40 - d. What is the units digit of n?
1
Let n(k) = -28*k + 10. Let r be n(-20). Let o = r - 88. What is the units digit of o?
2
Let s(h) = 3*h**3 - 73*h**2 + 57*h - 447. What is the ten thousands digit of s(33)?
2
Let x(l) = 9*l**3 - 28*l**2 + 28*l + 56. What is the thousands digit of x(10)?
6
Let o be 27609/15 + (-62)/(-155). Suppose r - 2*d - 918 = -d, -2*r = 3*d - o. What is the units digit of r?
9
Let l = 3 + -59. Let q be 20/14 + (-2)/(l/(-12)). What is the tens digit of (42*-2)/(-4) - (0 - q)?
2
Let v = 24 + -27. Suppose -15*t + 1207 = 37. Let c = t + v. What is the tens digit of c?
7
Let v be 704/154*14/4. Suppose v*w - 14*w - 248 = 0. What is the units digit of w?
4
Suppose 0 = -2*d + 6308 - 922. What is the hundreds digit of d?
6
Let a = -315 + 318. Suppose 2*q = -5*w + 1620, -2*w - 327 = -a*w - q. What is the hundreds digit of w?
3
Let d(l) = 2*l**2 - 27*l + 54. Let o be d(11). What is the units digit of 16074/27 + 1*o/3?
5
Let h(k) = -292*k**3 + 208*k**2 + 10. What is the thousands digit of h(-5)?
1
Let d(v) = v - 1. Let y(z) = -3*z - 65. Let l(q) = -q. Let s(w) = -l(w) + y(w). Let n(a) = -d(a) - s(a). What is the tens digit of n(15)?
8
Let g(u) = -2*u**3 - 9*u**2 + 56*u - 164. What is the thousands digit of g(-17)?
6
Let f(k) be the third derivative of 23*k**5/20 + 11*k**4/8 - k**3/6 - 235*k**2. What is the units digit of f(-1)?
5
Suppose 2*v - r + 40 = 7*v, -5*v = 4*r - 25. Let l be 301/(-43) + 9*(-2)/(-2). Suppose 2*u - s = 